 -6.
-3
Evaluate -22 + 27 - (7 + 1).
-3
Evaluate -4 + (6 + 3 - (5 - 0)).
0
What is ((-6 - 2) + 3 - -3) + -3?
-5
Calculate -8 + 1 - -3 - -2.
-2
Evaluate -1 - 0 - (40 - 42).
1
What is (3 - 6) + (4 - -4 - 8)?
-3
5 - (4 - (11 + (3 - 9)))
6
Calculate (3 - 2) + -10 - -3.
-6
Calculate -8 - (-9 - (-5 - -1)).
-3
Calculate -2 - -1 - (-2 - -4) - -2.
-1
What is -3 + 2 + (-4 - -9)?
4
2 + -8 + 1 + 2 + -1
-4
Evaluate 3 + -2 + 2 + -10.
-7
What is the value of 11 + (-4 - (-1 - (3 - 3)))?
8
Calculate -1 + 3 - 6 - -2.
-2
What is -1 - -6 - (6 + -6)?
5
What is (3 - 2 - -2) + -3?
0
What is the value of -2 + (11 - 0) + -10?
-1
What is the value of (-22 - (9 - 20)) + 7?
-4
-4 + 1 + (0 - 2)
-5
-1 - ((6 - 8) + -5)
6
Evaluate -1 + -1 - -6 - 6.
-2
What is the value of (-1 - 9) + 28 + -26 + 15?
7
Evaluate 0 + -5 + (-3 - -6).
-2
What is (5 - 1) + (-14 - -5)?
-5
Calculate -6 + 5 + -3 + 4 + 0.
0
(4 - (0 + 0)) + -10
-6
What is 4 + (-1 - (0 - -1 - -2))?
0
-1 + 2 - (-2 - -7)
-4
-9 - (-3 - (-4 + -3 - -11))
-2
What is 7 - 2 - (10 - (1 - -6))?
2
Calculate 70 + -69 + (1 + 2 - 0).
4
Evaluate -15 + 1 - (-8 + (-7 - -9)).
-8
Evaluate -3 + (-3 - -1) + (-34 - -44).
5
Evaluate 13 + (-18 - -7) + 0.
2
What is 12 + 8 + -2 + -11?
7
What is -4 + 18 + -8 + -9?
-3
6 + -13 + (6 - 3 - -9)
5
What is the value of -1 + 12 + -21 + 9?
-1
What is 6 - (11 - 3 - 6)?
4
3 - (0 - (0 - 2 - -4))
5
-9 + 8 - (5 - -1)
-7
Evaluate 0 + -5 + 1 + 0 + -1.
-5
What is the value of 5 + -6 - (11 - 10)?
-2
-2 + (4 - -1) - (0 + 3)
0
What is the value of 2 - ((3 + -1 - 3) + -1)?
4
Calculate -3 - (-2 - -4 - 1).
-4
6 - (3 + 0) - 6
-3
What is the value of 6 + 1 - (-8 - -7)?
8
What is the value of 3 + -4 + 1 + 2 + 1?
3
Calculate -2 + 1 + (0 - -2).
1
What is 4 - (3 - (-1 - (9 + -5)))?
-4
What is the value of 0 + 1 + (-1 - -2)?
2
What is the value of (-20 - -23) + 0 + 2 + 0?
5
Evaluate 3 - (3 + 5 - 3) - -5.
3
Calculate 86 + -82 - (1 + -5 - -1).
7
What is the value of 0 - -1 - (-7 + -6 + 17)?
-3
(-1 + 0 - 1) + 6 + -10
-6
Evaluate -4 + -3 + (1 - -2).
-4
What is the value of (-2 - (0 + -2) - 0) + 0?
0
Evaluate -5 + 4 - (-2 + -1).
2
(-8 - 1) + 1 - (0 + -4)
-4
What is (-2 - -9 - 9) + 4?
2
Evaluate 5 + 0 + 0 + -4 - 2.
-1
-1 - 2 - (2 + -1) - 0
-4
What is -2 + -2 + 0 + 2 + 1?
-1
Evaluate 4 + -3 + (-2 - (-3 - -1)).
1
1 + -2 - (7 + -2 + -6)
0
(11 - 11 - (1 + -2)) + 4
5
-2 + 5 + -13 + 13
3
What is the value of -4 + (8 - (4 - 0)) + -5?
-5
16 + 6 + -9 + -2 + -3
8
(-5 + 0 - -13) + -1
7
-10 + (-11 + 22 - 5)
-4
Evaluate (0 + -2 - 0) + (-26 - -23).
-5
What is the value of 5 + -2 + -1 + (-3 - -1)?
0
Evaluate -6 + (7 - 9) + 8.
0
(-1 - (-12 - -5)) + -2
4
Evaluate (2 - 5) + 5 + 3 - 3.
2
What is (-6 - (1 - 5)) + (-2 - -3)?
-1
Calculate 0 - -2 - (7 + 8 + -11).
-2
Evaluate 8 - (-16 - -16) - (2 - -5).
1
What is (84 - 94) + (0 - -4)?
-6
What is the value of (-20 - -18) + -1 + 9?
6
What is the value of 10 - (-4 - 3 - -16)?
1
What is the value of (8 - (3 + 3)) + -1 + 2?
3
What is the value of 22 - 23 - (-1 + -3 + 1)?
2
What is 2 + 5 + -1 - (52 - 49)?
3
(0 - (5 + -3 + -4)) + 2
4
What is the value of 55 + -48 + (-13 - -1)?
-5
-5 + (0 - -2 - 1 - -2)
-2
(-1 - (-2 - -2)) + 7 + -3
3
What is the value of (1 - (-3 - 0)) + 33 + -38?
-1
What is the value of -11 + 5 + (-9 - -18)?
3
Calculate -3 - ((-4 - -1) + -2).
2
Calculate 3 + 3 + -4 + -7.
-5
Calculate 5 + (-8 - (-3 + -1)).
1
Evaluate (-1 - -3 - 1) + -6 + 4.
-1
What is 2 - (5 + 0) - (0 - -1)?
-4
Calculate 1 + 0 + (-11 - -12).
2
What is -4 - (15 - 27 - (-6 + 1))?
3
(0 - -3) + -2 + 2 + -6
-3
What is the value of -4 + 17 + (-8 - 2)?
3
Calculate -1 - (5 - 6 - (-4 + 0)).
-4
What is -8 + 1 + 5 + (-6 - -1)?
-7
Evaluate 9 + -1 + -3 - (2 - -1).
2
What is the value of 6 + (-2 - -8 - 11) + 2?
3
What is 0 - (-3 + 2) - (13 - 11)?
-1
What is the value of -5 - -9 - (-2 - -3)?
3
Calculate 5 - (-5 + (-3 - -13)).
0
What is the value of (8 - ((11 - 0) + -6)) + -9?
-6
Evaluate ((0 - -3) + 0 - -4) + -2.
5
0 + -4 + (3 - (-5 - -7))
-3
What is -1 + (2 - 1) + (34 - 30)?
4
Calculate -10 + 26 + 1 - 9.
8
Evaluate -2 + (13 - 2) - 4.
5
Evaluate -2 - ((-2 - -6) + -2) - -4.
0
Calculate -6 + 11 + -1 + 2.
6
What is the value of (-26 - -22) + 1 + -1?
-4
What is the value of 6 + -9 + 0 + 2?
-1
Evaluate (2 - 0) + (72 - 67).
7
Calculate 2 + -4 - (-1 - (-4 - -1)).
-4
What is 3 + 3 + -3 + -5 + 4?
2
Calculate 4 - (0 - -5) - -1 - -2.
2
Evaluate (5 + -5 - 6) + -1 - -2.
-5
(-5 - (9 - -2)) + 10
-6
Evaluate -3 + 1 - (11 - (14 + -2)).
-1
What is the value of -4 + 8 + -7 + 5?
2
What is the value of -2 + -1 + (42 - 11) + -20?
8
What is 1 + (-2 - (0 - -2))?
-3
What is -5 - -6 - (5 - (-1 - -5))?
0
What is (3 - -3) + (0 - 3)?
3
What is -3 + 0 + 4 - -4?
5
Evaluate -7 - (-7 - 4) - (6 - 2).
0
Evaluate (-2 - -8 - 13) + -2 + -1.
-10
Calculate -12 + (4 + 1 - (-11 - -9)).
-5
61 - 59 - ((0 - 2) + 1)
3
Evaluate 5 + (5 + 4 - 7) + -2.
5
-6 + 5 + -8 + 6 - -5
2
Calculate 7 - (7 + -4 + -3 + 0).
7
4 - (4 - 2) - (4 + -6)
4
Evaluate -6 + (11 - 0) - (11 + -1).
-5
What is (-7 - -7 - (1 + 1)) + 2?
0
Evaluate -1 + -8 + 0 + 5.
-4
Calculate 5 - (1 + (0 - -1)).
3
Evaluate (6 - 2) + (9 - 13).
0
What is 4 - (7 - (6 + 2))?
5
Evaluate (216 - 210) + (-1 - (0 + 2)).
3
What is 0 - -9 - (95 + -85)?
-1
Calculate (0 + -6 - -15 - 4) + -1.
4
Calculate (-4 - (0 + -9 - -5)) + -3.
-3
What is (-9 + 16 - 7) + -3?
-3
-11 - -12 - (-4 - -4 - 8)
9
Calculate (-3 - -5) + 1 - (1 + -1).
3
Calculate -25 + 24 - (2 + 0 + 1).
-4
What is the value of -5 - ((1 - 13) + -17 + 19)?
5
Evaluate 10 + -2 + -3 - -5.
10
(1 - 10) + 8 + 7
6
-1 + 7 + (4 - 6)
4
Calculate 2 - (2 - (-5 + 3)) - 3.
-5
What is (2 - (3 + 0)) + 17 + -23?
-7
-16 + 38 + -14 - (1 - -1)
6
What is the value of (-7 - -20) + -3 + (-5 - 2)?
3
Calculate 0 - ((0 - 3) + 3).
0
What is the value of 14 + -9 - (5 - 5)?
5
-3 + (-2 - -1) - -7
3
(10 - (-3 - 0 - -8)) + -13
-8
Evaluate -2 - (0 + -1 + -2 + -3).
4
What is the value of -5 + 0 + 9 + 7 + -15?
-4
Evaluate 41 - 36 - (-4 - -3).
6
Evaluate -1 + (-2 - (8 - 3)) - 2.
-10
What is (0 - -6) + (-7 - -6 - 0)?
5
Calculate 0 - -2 - (21 - 19).
0
What is (-15 - -10) + -1 + 1?
-5
What is 9 + -7 + (7 - (-1 - -5))?
5
5 - (-6 - -5) - 5
1
5 + 2 + (-11 - -9)
5
Calculate 4 - (2 + 0 + 0).
2
Calculate -17 + (8 - (-5 + 7)) + 3.
-8
What is the value of 23 + -8 - 15 - 10?
-10
What is the value of -3 - -4 - (-7 - -8)?
0
What is 14 - -2 - (-24 - -36)?
4
Evaluate 3 - ((-1 - -14) + -2 - 3).
-5
Evaluate -9 + 17 + -2 + -4.
2
(1 - (3 + 4)) + 1
-5
1 + (5 - 8 - -5)
3
What is -3 - (-4 + 1 + 1 + 1)?
-2
What is 2 - ((-4 - (-7 + 5)) + 6)?
-2
-3 - ((-1 - -7) + -6 - 8)
5
What is the value of 2 + (4 - 0 - (-21 + 22))?
5
What is 6 + -4 + 2 + -6?
-2
Calculate 7 + (1 - 14) + (0 - 0).
-6
32 + -31 + (-10 - -2)
-7
Evaluate 30 - 31 - (-1 + 5).
-5
Calculate 0 + 0 - -6 - (12 - 5).
-1
Evaluate (3 - (3 - 4)) + 1 + -2.
3
Evaluate 0 - 0 - (-9 - (-8 + -5)).
-4
What is the value of -1 + 4 + -4 + 4 + -3?
0
What is (-5 - (-4 + 4)) + (1 - -4)?
0
Evaluate -1 + 4 - (-26 - -34).
-5
Evaluate (2 + -10 - 4) + 5.
-7
What is the value of -2 + -2 + -2 + 2 - -1?
-3
What is (7 - 5) + 0 + 1 + -8?
-5
1 - (-1 - (-6 + (4 - 4)))
-4
What is 1 - ((3 - 1) + -3) - 2?
0
What is -6 - (5 + (5 - 4 - 2))?
-10
What is (-11 - 2) + 22 + -15?
-6
Evaluate -4 + -6 + 0 + 5.
-5
What is the value of -7 - (4 - 9 - -4)?
-6
What is (-1 - -2) + 1 + 5 + -11?
-4
-3 + (-8 - -2) + 12
3
(2 - 5) + -1 + (-9 - -16)
3
Evaluate 1 + -3 - (-15 + 15) - 1.
-3
35 + -29 + -2 + -5
-1
What is the value of (-2 - (0 - -2 - 2)) + 3?
1
Calculate -18 + 3 + 5 + 3.
-7
Calculate 1 + -1 - 0 - 4.
-4
Calculate -1 + 5 - ((16 - 6) + -1).
-5
Calculate -8 + (8 - (3 + -4 - -7)).
-6
Calculate (-4 - (-6 - 2)) + 2 - 1.
5
-1 + (2 - 2) - (2 + -6)
3
-6 + (-1 - 1) + 8
0
Calculate (-39 - -53) + (-1 - 4) - 3.
6
What is -88 + 97 + (-8 - -1)?
2
0 - (2 + -1 + -1)
0
Calculate -4 + (5 - 1) + 3.
3
What is the value of (-73 - -72) + -4 + 2 + 2?
-1
What is 1 - (-12 - (1 - 9))?
5
-4 - (-4 - (1 - 4))
-3
(2 - -1) + -13 - (24 + -30)
-4
What is the value of -8 + 0 - (21 + -33)?
4
What is -7 + (-3 - 0 - -8) + -2?
-4
13 - 4 - (-13 + 14)
8
What is 1 + 3 + (2 - 1) + 0?
5
What is the value of (0 - -5) + (-1 - 0)?
4
Evaluate (1 + -5 - (-1 + -5)) + -2.
0
3 + (7 - 1) + -2 + -3
4
Calculate -9 + 8 + 3 + -1 - 5.
-4
-7 - -5 - (2 + 0)
-4
(0 - 0) + 4 + -1 + 0
3
Evaluate 1 + -1